. Let b be c(l). Suppose b*v = -3*v + 201. Is v composite?
False
Let q be 20/35 + (-864)/(-7). Let p = 203 - q. Is p composite?
False
Suppose 4*m - 3*m + 17 = 0. Let s = m - -23. Suppose -s*l + 7*l = 6. Is l a prime number?
False
Let c(j) = -6*j - 1. Let k be 16/8*(-1)/2. Let f be c(k). Suppose w + 4*h - 97 = 0, f*w - 353 - 113 = -h. Is w a composite number?
True
Suppose 45*y - 43856 = 29*y. Is y a composite number?
False
Let h = 793 - 706. Is h a composite number?
True
Is ((15/6)/(-5))/((-3)/6702) prime?
True
Let r = -18 - -20. Suppose 1776 = r*v + v. Suppose 3*t = 161 + v. Is t a composite number?
False
Let r = 13108 + -7941. Is r a composite number?
False
Let s = 17842 - 10239. Is s a composite number?
False
Let m be ((-8035)/10 + 6)/((-2)/4). Let g = -1074 + m. Is g a prime number?
True
Let t = 21494 + -13347. Is t composite?
False
Suppose 0 = 4*n - 9183 - 1733. Is n a composite number?
False
Let w = -3 - -8. Suppose 0 = 4*m + p - 1181, -4*m + 1178 = 3*p - w*p. Is m prime?
False
Let c be (-1 + 2)*3 + -2*122. Let s = 846 - c. Is s a prime number?
True
Let t = 44 + -60. Let k(c) = c**3 + 21*c**2 - 12*c + 5. Is k(t) a composite number?
True
Let n = -89 + 92. Suppose w - y - 12692 = -4*w, 4*w = n*y + 10147. Is w a composite number?
False
Suppose -4*m = -4*o - 36, -3*o - 31 = -5*m - 0*m. Is 1 - ((-1)/o - (-18235)/(-49)) a composite number?
False
Is 12688/20 - (-36)/60 a composite number?
True
Let i(j) = j**3 + 5*j**2 - 2*j. Let y be i(-4). Is y/18*(-261)/(-6) prime?
False
Suppose 0 = -2623*b + 2621*b + 16046. Is b a prime number?
False
Let m be ((-3)/9*3676)/((-24)/36). Suppose -3271 - 1324 = -5*s - 2*i, 2*s - m = 5*i. Is s a prime number?
True
Suppose 8 = o - 0*o. Suppose 0 = -o*n + 1694 - 198. Is n a composite number?
True
Let f(t) = -2*t**3 - 25*t**2 - 2*t - 53. Is f(-18) prime?
True
Is 90308/24 + (-4 - 150/(-36)) composite?
True
Let j = -20 + 47. Let o = -11 + j. Is -2*4/(o/(-170)) a composite number?
True
Is ((-9)/((-54)/4))/((-2)/(-89799)) prime?
False
Suppose -69*o - 117679 + 626416 = 0. Is o prime?
False
Suppose -3*a - 2*a = 3*m - 1201, -4*m - 470 = -2*a. Let p = a + 80. Is p prime?
False
Let y(p) = -p**3 + 5*p**2 + p + 5. Let j be y(4). Suppose -2*r - c - 25 = 4*c, j = -5*c. Let a(b) = b + 22. Is a(r) prime?
False
Let w(q) be the second derivative of -1/20*q**5 + 3*q + 9/2*q**2 + 1/2*q**3 - 1/2*q**4 + 0. Is w(-7) a composite number?
False
Let l(a) = 3*a**3 - a**2 + 6*a. Let j be l(5). Suppose 10*t - j = 9*t. Let w = t - 261. Is w prime?
False
Let p = 27 - 20. Suppose -9 + p = -u. Suppose d = u*d + 2*l - 651, 5*l = -d + 645. Is d composite?
True
Let r = -1022 - -1027. Let o(h) = -h + 6. Let j be o(6). Suppose j*u + r*u - 2065 = 0. Is u prime?
False
Let l(j) be the third derivative of j**6/120 - j**5/6 - j**4/8 + 3*j**3 - 3*j**2. Let a be l(10). Is (-1)/((a/356)/3) a composite number?
False
Let x(z) = -11*z**3 + 5*z**2 - 5*z - 7. Let m be -6*((-4)/7)/((-42)/49). Is x(m) a prime number?
True
Suppose -3*t = -k + 3, 0 = 4*k + 4*t + 7 - 19. Let j(a) = 1260*a**2 - a. Let b be j(1). Suppose -2*p + d + d = -628, b = 4*p - k*d. Is p composite?
False
Suppose -48*a = -12*a - 159876. Is a prime?
True
Let j(n) = -3 - 11*n + 283*n**2 + 8 + 12*n. Is j(-2) a prime number?
False
Suppose 2*g - 4941 = 2645. Is g composite?
False
Suppose 5*o - 3603 = 317447. Is o/70 + (-6)/21 prime?
False
Suppose -3*w = -18*a + 15*a - 462825, 5*w - 2*a - 771387 = 0. Is w composite?
False
Let d = -776 - -1427. Suppose -3*s - r = -1928, 2*r = -s - 0*r + d. Is s composite?
False
Suppose -15 + 23 = -2*h. Is 24/h + 2 + 0 + 645 a prime number?
True
Suppose -4*w = w - 14305. Is w a prime number?
True
Suppose 9*k - 7*k - 4848 = 0. Suppose k = 4*n + 452. Is n a prime number?
False
Let t = -3315 + 5552. Is t a prime number?
True
Is (-1)/((5 + -11)/8310) a prime number?
False
Let s(o) = 64*o**2 + 29*o + 122. Is s(15) a composite number?
False
Suppose z = 4*x + 287, -2*z + 20 = -x - 43. Let d = x - -200. Is d composite?
False
Suppose 5*q + 21943 = -68*m + 71*m, 5*q + 10 = 0. Is m a composite number?
True
Let o be 96/(-44) - (-6)/33. Is 6630/9 - 3 - o/6 composite?
True
Let c(h) = -h**3 + 3*h**2 + 36*h - 15. Is c(-14) prime?
False
Let c be 4 - (-4)/(-20)*0. Is c/4*((-2 - 2) + 3647) a prime number?
True
Suppose -2*f = -4*o - 30, -5*o = -o + 12. Suppose -f*a + 1385 = -4141. Is a a prime number?
False
Let x(s) = -3*s. Let i be x(6). Let r be (804/i)/((-1)/6). Suppose 3*v = -v + r. Is v a composite number?
False
Let y = -1272 + -349. Let k(h) = -h - 758. Let m be k(0). Let d = m - y. Is d composite?
False
Let o(u) be the second derivative of 17*u**6/360 - u**5/24 + 7*u**4/24 + u**3/2 - 14*u. Let i(h) be the second derivative of o(h). Is i(8) prime?
False
Let x(r) = -r**2 + 12*r. Let g(h) = -3*h - 1. Suppose 2 = -3*k + 2*k. Let o be g(k). Is x(o) composite?
True
Let k = -124 - -128. Suppose k*d + j - 1197 = -4*j, 576 = 2*d - 2*j. Is d a composite number?
False
Suppose 7*l - 3384 = 3*l. Is -2*(l/(-4) + 2) composite?
False
Let w(k) = -205*k - 398. Is w(-13) a prime number?
True
Suppose 22632 = 3*t + 3021. Is t prime?
False
Let q(h) = 9*h**2 - 5*h - 7. Suppose 6*y - 4 = -40. Is q(y) composite?
False
Suppose u + 23 = 4*y, 5*y - 5*u - 12 = 13. Suppose 2*v - y = 2*g + 78, -163 = -4*v + 5*g. Suppose n = 2*n, -v = -c - 3*n. Is c a prime number?
True
Suppose -69*u + 67*u + 27682 = 0. Is u composite?
False
Let c(y) = 81*y**2 + 14*y - 78. Is c(-17) prime?
False
Suppose 26249 = 2*u + 3*l, -3*u + 7*u - 52453 = 3*l. Is u a composite number?
True
Let a(b) = -b + 6. Let g(k) = -k - 5. Let u be g(-9). Let x be a(u). Suppose -6*v = -x*v - 388. Is v prime?
True
Suppose -4*a + 9*a = 0. Suppose 2*d + 5485 = 5*n, -2*d + a*d = -2*n + 2188. Is n a composite number?
True
Let g = 31 + -31. Suppose -8*z + 176 + 1016 = g. Is z a composite number?
False
Suppose -447 - 225 = -4*o. Let u = o + -85. Is u a prime number?
True
Let d(s) be the third derivative of s**6/120 - 3*s**5/20 + 5*s**4/12 - 2*s**3 - 11*s**2. Let o be d(8). Suppose 2*q + 442 = o*q. Is q prime?
False
Let c(i) = 591*i + 53. Is c(4) composite?
False
Suppose -10*b + 15*b = 40. Let t be (-22)/6 + b/12. Let w(z) = 23*z**2 - 4. Is w(t) a composite number?
True
Let t be -72*5*(-5)/20. Suppose 5*n = 2*v + 2*v - t, 0 = -5*v + 5*n + 110. Suppose 0 = d - 4*l - 129, 2*l + v = -2*d + 258. Is d composite?
True
Suppose 17 + 17 = 2*g. Suppose g = 2*b + 3. Is b/42 - 2674/(-12) a composite number?
False
Suppose 0 = 5*k - 2*f - 79793, 2*f - 3*f - 15958 = -k. Is k a prime number?
True
Suppose 488 = 2*u - 120. Let p = u - 126. Suppose 3*s = p - 67. Is s composite?
False
Suppose -3*k + 8 = 2*k + w, 4*k - 2*w - 12 = 0. Suppose t - 783 = -k*d, 2*t + 0*d = 5*d + 1602. Is t prime?
False
Let y(o) = 87*o**2 + 3*o - 3. Is y(6) prime?
False
Let w = 61 + -44. Suppose -w*z = -18*z + 1795. Is z prime?
False
Suppose -4*h - 18 = -j, 3*j - h = -0*h + 10. Suppose -j*a = -6*a + 4. Is (553/(-21))/(a/(-3)) a prime number?
True
Let c(u) = 5*u**2 + 7*u - 12. Let m be c(-5). Let s = m - -353. Is s composite?
False
Let b = 280 - 55. Suppose -c = 3*j - 59, 5*c - 160 = 3*j + b. Is c a composite number?
True
Let w(b) = 56*b**2 + 14*b + 31. Is w(-3) a prime number?
False
Is ((-1)/2)/((-3187)/(-1594) + -2) prime?
True
Suppose -12*v + 292345 = 47*v. Is v a composite number?
True
Suppose 0*x = 4*x - 2164. Is x a composite number?
False
Let w = 19 + -15. Suppose w = -7*l + 39. Suppose -2*c = l*p - 246, -3*c = 3*p + 16 - 376. Is c a prime number?
False
Suppose 2*m = -125 + 5. Let p be ((-68)/(-10))/((-12)/m). Suppose 5*k - p = 4*k. Is k prime?
False
Let h(u) = -2*u - 2*u**2 - u + 0*u + 2*u. Let x be h(1). Is x/((-3)/201*3) a composite number?
False
Let v be 4/(-18) + 13046/(-18). Let z = -408 - v. Is z a composite number?
False
Suppose -3*g - 12 = 0, 3*r + 7*g = 3*g - 28. Let w be ((-586)/r)/(7/28). Suppose 4*b - 2*b = w. Is b composite?
False
Let x be -3*(-4)/(-4) + 3. Suppose -4*b + x*u - u = -7, -5*u = -3*b + 11. Suppose 3*w - 104 = -b. Is w a composite number?
True
Let v = -15 - -10. Let p be 6 - (20/(-5) - v). Suppose p*y = 2*y + 381. Is y prime?
True
Let x = 58 + -405. Let r = -1575 - x. Is (-2)/(-3) + r/(-12) a prime number?
True
Let o = 1628 - -5149. Is (o/6)/9*2 a composite number?
False
Let 